rime?
False
Suppose 3*v - 19 = 11. Suppose 0 = -v*q - 0*q + 34130. Is q a prime number?
True
Let d = 123 - 120. Suppose -71693 = -d*w + 22948. Is w a composite number?
False
Let r = -80135 - -367456. Is r a composite number?
False
Let w(a) = 39 + 14*a + 28*a**2 - 936*a**3 - 925*a**3 + 1862*a**3. Is w(-20) a composite number?
True
Let j(l) = -l**2 - 13*l + 90. Let s be j(-18). Let d(i) = 36*i + 6947. Is d(s) composite?
False
Let i(s) = 1371*s**2 + 79*s - 15. Is i(-7) a prime number?
False
Let y(t) = 633*t + 883. Is y(34) a prime number?
False
Suppose -1428*p + 46645131 = -1389*p. Is p composite?
False
Is (-7785)/(-1038) + 1221687/2 a composite number?
True
Suppose 6*r + 10969 = -959. Let o = r + 3055. Is o prime?
False
Let v(x) = 30*x - 64. Let d(i) = -46*i + 101. Let z(a) = -5*d(a) - 8*v(a). Let t(p) = -p**2 + p - 4. Let k be t(0). Is z(k) a composite number?
False
Suppose 20*x = 515 + 4285. Let r = -181 + x. Is r a prime number?
True
Let w(o) = 2*o**2 + 2 - 7*o - 8*o + 17. Let p(s) = -2*s**3 - 12*s**2 + 12. Let b be p(-6). Is w(b) composite?
False
Let u be (-112)/84 + 2/(-6)*-55. Suppose -u*v = -118198 - 131685. Is v a composite number?
False
Suppose -1411 = -j - 5*n + 86, -3*j = -n - 4427. Suppose l - 5834 = -j. Is l a prime number?
True
Let l(c) = c**2 - c - 7. Suppose 0 = -6*t - 1 + 25. Let y be l(t). Suppose 0*j = -5*j + z + 2705, -y*j + 2*z = -2705. Is j a prime number?
True
Let s = -48815 + 458740. Suppose -38495 - s = -20*v. Is v a composite number?
True
Suppose -103*m + 99*m + 5*p + 156091 = 0, -5*m + 195083 = 4*p. Is m a prime number?
True
Let b be 10/(-85) - (1601916/51)/(-1). Let s = b + -8041. Is s composite?
False
Let r(p) be the first derivative of p**4/4 - 20*p**3/3 + 11*p**2/2 + 11*p - 62. Is r(24) a composite number?
False
Let i be -74*(-5 - 95/(-10)). Let z = 472 + i. Is z a prime number?
True
Let n(o) = -2*o**2 + 13*o - 11. Let b = 49 - 44. Let i be n(b). Suppose -2*w + w + 769 = i*u, 945 = 5*u - 2*w. Is u composite?
False
Let f(w) = w**3 - 10*w**2 + 3*w + 15. Let j be f(10). Let x = j + -39. Let h = x + 1243. Is h composite?
False
Let g(v) = -v**2 - 10*v - 19. Let h be g(-7). Suppose 0 = -0*p - p - h. Is -4 + 555 + p - -4 a composite number?
True
Let i(f) = -2021*f**3 - 9*f**2 - 49*f - 86. Is i(-7) a composite number?
False
Suppose -1901082 = -44*q + 335311 + 1488603. Is q a composite number?
False
Let s be 238/98 + (-6)/14. Suppose s*m - 17*m = -55785. Is m a prime number?
True
Let g be 1 + 36 + 15/10*-2. Suppose 6*u + 94 = g. Is 2/(-5) - (1334/u - 6) a prime number?
True
Suppose -r + 56*v = 61*v - 73011, -365013 = -5*r - 4*v. Is r prime?
False
Let t = -64 - -74. Is 112988/t - ((-40)/(-25))/(-8) prime?
True
Is (((-261)/18)/(-29))/(1/1511414*1) composite?
False
Let k(g) = 468*g - 41. Let n(b) = -1401*b + 121. Let u(o) = -17*k(o) - 6*n(o). Is u(8) a prime number?
True
Let d be 36 + -29 - (-23)/(-1). Is (5668/d)/(-13)*212 a prime number?
False
Let n(h) = h**3 - 4*h**2 + 5*h - 15. Let v be n(4). Suppose -2*c + 3448 = z - 3*z, 8632 = v*c - z. Is c a prime number?
False
Suppose b + 28 = 8*b. Suppose -j - b*k - 52 + 2272 = 0, 0 = 4*j + 5*k - 8825. Suppose 5*q - j = -5*h, -5*h + 0*h + 3*q = -2224. Is h a prime number?
True
Is 5 + -9 + 2 + 0 - -34585 composite?
False
Let g be -35*(0 - 6/30). Suppose 4*r = g*z - 6*z - 2171, -5*z = -2*r - 10945. Is z composite?
True
Let p(l) = -l - 2. Let c be p(-4). Suppose c*a = -2*z - 2226, 4154 = -5*a + 4*z - 1420. Is (6/(-4)*2)/(6/a) composite?
False
Suppose -5*f = 3*r + r - 30043, -12008 = -2*f + 3*r. Is f a prime number?
True
Let m = 1893 + -1072. Let a = 11750 + m. Is a composite?
True
Let w(x) = 886*x**2 - 142*x + 1021. Is w(7) a composite number?
False
Let f(h) = -h**3 + 16*h**2. Let s be f(16). Suppose 4*u + 3*q + 11745 = s, u + 4*q + 1246 = -1700. Is ((-4)/6)/(12/u) a prime number?
True
Suppose -2*g + 815208 = -b, 3*g + 5*b + 295504 - 1518303 = 0. Is g a prime number?
False
Is (36/(-54))/(42/(-14898807)) a prime number?
False
Let z be (-5)/((-5)/(-4)) - -107. Suppose -2*n + 1195 = q, -q + z + 1062 = -4*n. Suppose -9*y + 264 = -q. Is y prime?
False
Let c = -76 - -91. Suppose -51 = -9*u - c. Suppose v - 5*p = 702, 0*p + 3*p + 2757 = u*v. Is v a prime number?
False
Let k(w) be the third derivative of w**6/20 + 7*w**5/120 + w**4/2 - 4*w**3/3 - 18*w**2. Let s(z) be the first derivative of k(z). Is s(-13) a prime number?
True
Let z = 20972 + -1083. Is z a composite number?
False
Suppose 23*k = 15*k + 40. Suppose -7*r + 3455 = -2*r - 4*s, -k*s = 0. Is r a prime number?
True
Let w be 1 - (-8 - 8)/4. Suppose 42804 = 3*d - w*h, 2*d = 2*h + 26087 + 2453. Is d prime?
False
Let r(s) = 334*s**2 + 33*s - 157. Is r(-12) prime?
True
Suppose 2006 = 3*h + 5*s, 2*h - 3*h + 3*s + 678 = 0. Let v = 1357 - 206. Let w = v - h. Is w a composite number?
False
Let n = 252 - 139. Let m be 36/(-162)*(-4734)/1. Let g = n + m. Is g prime?
False
Suppose -19*s + 8202211 = -0*s - 6022500. Is s a prime number?
True
Let r = 1345 - 585. Suppose -2690 = -q - r. Suppose -6*u = -9100 + q. Is u a composite number?
True
Let d = 111 + -108. Suppose -5*y = -2 - d, 4*y - 559 = -5*i. Is i composite?
True
Suppose 4*s - 87906 = -2*m, -311*m - 2*s - 43933 = -312*m. Is m a prime number?
True
Suppose 88*x = -x + 11671015. Is x prime?
False
Let c(y) = -369*y**2 + 2*y + 12. Let m(k) = k**2 + k + 1. Let f(j) = -c(j) - 2*m(j). Is f(-5) a composite number?
False
Let v(u) = -u**3 - 4*u**2 - 5*u - 3. Let d be v(-3). Suppose -b + 4013 = -3*t, -6*b - d*t + 20029 = -b. Is b a composite number?
False
Suppose 67*h + 38*h - 511845 - 573225 = 0. Is h a composite number?
True
Suppose -c + 5*c + 8 = 0, -276113 = -m + 5*c. Is m prime?
False
Let f be (105/63 - (-4)/(-6)) + -2. Is f/5 + (-716742)/(-135) composite?
False
Let q be (3 - 3 - -2)*(-2)/(-2). Suppose -3*o + q*n + 0*n = -36, 0 = -4*n. Suppose -o*d + 170 = -10*d. Is d prime?
False
Let v = -107 + 104. Let u be (v/6)/((15/(-726))/5). Suppose 9*c - 2*f = 8*c + u, 5*f = 4*c - 493. Is c a composite number?
False
Let q(l) be the first derivative of 6 - 3/2*l**2 - 5*l - 13/2*l**4 - l**3. Is q(-3) composite?
True
Suppose r = y - 3*y + 39, 5*r + 4*y = 195. Suppose 6*j - r = -3. Suppose -2*a + j*a = 740. Is a a prime number?
False
Suppose 5*j - 206 = 299. Suppose 4*s - 19 = j. Is (500 + 1)*s/45 a prime number?
False
Let j(g) = g**2 + 24*g - 7. Let m(h) = h**2 - h + 1. Let z(t) = j(t) + 4*m(t). Is z(-6) prime?
False
Let r(i) = -i**3 + 2*i**2 + 2*i + 2. Let m be r(3). Let q(s) be the second derivative of -896*s**3/3 + 9*s**2/2 + 9*s - 5. Is q(m) a composite number?
False
Suppose 0 = -2*t + d - 32, -5*t + 7*d - 78 = 4*d. Is 4/t - (-35684)/36 a prime number?
True
Is (22/12 - 2)/(-4*14/120405264) a composite number?
False
Suppose 920850 = 108*n + 42*n. Is n prime?
False
Suppose -146908817 = -292*t - 111*t - 17512771. Is t a composite number?
True
Let k = 150 - 147. Suppose 4*r = k*s - 3669, 4*r = 5*s + 620 - 6727. Is s composite?
True
Is 74806515/255 + (3/34)/((-39)/(-52)) a prime number?
False
Suppose -30*p - 25*p + 19*p = -538632. Is p prime?
False
Is ((-23649)/9)/(10/(-30)) a composite number?
False
Let x = 975773 - 1408126. Is (x/(-94))/(1/2) a composite number?
False
Suppose 0 = -5153*s + 5147*s + 1280766. Is s a composite number?
False
Let o = 8101 + -5288. Let g = o + 224. Let c = g - 1734. Is c prime?
True
Let o be ((-2196)/27)/(6/315). Let y = -363 - o. Is y a prime number?
True
Let s(j) = -29*j - 19. Let u be s(7). Let t be u/(-78) + (-2)/(-13). Is t + 2 - 3 - -111 a composite number?
False
Suppose 2*j - 9416 = 4*r, 2*j - 3*r + 0*r = 9413. Let o(s) = -21*s + 128. Let d be o(6). Suppose d*n - 7792 - j = 0. Is n a prime number?
True
Suppose 3*c = -l + 3*l + 21, 0 = -2*c - 3*l + 1. Let i(q) = -2*q**3 + q**3 + 0*q + 14*q**2 + 3*q - q - c. Is i(12) composite?
False
Suppose -3*k - k = r - 43, 5*k = -2*r + 56. Is 1/(-5) + -6 + 10372/k a composite number?
False
Let q(v) = 49072*v**2 - 866*v + 3461. Is q(4) a prime number?
False
Suppose j = 3*f + 45, -7*f - 255 = -5*j - 2*f. Let r = 101 + j. Is r a prime number?
False
Let f be ((-9)/27)/(1*3/(-117333)). Suppose -f = -8*h - 3301. Is h prime?
True
Let b(h) = 158233*h - 7665. Is b(16) prime?
False
Let u(p) = 143*p**2 - 4118*p - 22. Is u(-21) composite?
False
Su